ctors of 4137467167?
30169, 137143
What are the prime factors of 2542100408?
2, 659, 482189
List the prime factors of 1114099647.
3, 73, 5087213
What are the prime factors of 1596586500?
2, 3, 5, 197, 1801
What are the prime factors of 150983308?
2, 7, 83, 9281
What are the prime factors of 548973616?
2, 1801, 19051
List the prime factors of 59509369.
3109, 19141
List the prime factors of 57428220.
2, 3, 5, 43, 22259
What are the prime factors of 217445247?
3, 24160583
What are the prime factors of 349753449?
3, 10687, 10909
List the prime factors of 916703214.
2, 3, 7, 21826267
What are the prime factors of 1196341149?
3, 47, 8484689
What are the prime factors of 3973233724?
2, 993308431
List the prime factors of 60580875.
3, 5, 73, 2213
List the prime factors of 204681764.
2, 7, 7310063
What are the prime factors of 9676804758?
2, 3, 2027, 795659
What are the prime factors of 26198160?
2, 3, 5, 109159
List the prime factors of 5455691219.
11, 941, 527069
List the prime factors of 17506183.
821, 21323
What are the prime factors of 79664800?
2, 5, 99581
What are the prime factors of 766208228?
2, 43, 4454699
What are the prime factors of 2599752300?
2, 3, 5, 89, 97369
List the prime factors of 174935231.
1217, 143743
What are the prime factors of 20077873?
23, 872951
List the prime factors of 1531250761.
1531250761
What are the prime factors of 37815393?
3, 7, 11, 127, 1289
List the prime factors of 113688434.
2, 56844217
What are the prime factors of 5334952125?
3, 5, 14226539
What are the prime factors of 102796428?
2, 3, 7, 1223767
List the prime factors of 198951571.
7, 13, 29, 75389
What are the prime factors of 67249212?
2, 3, 17, 71, 4643
List the prime factors of 100691310.
2, 3, 5, 211, 15907
List the prime factors of 438841398.
2, 3, 29, 73, 34549
What are the prime factors of 1681006468?
2, 420251617
List the prime factors of 9085124.
2, 2271281
List the prime factors of 258472325.
5, 907, 11399
What are the prime factors of 135451021?
8819, 15359
List the prime factors of 38763785.
5, 419, 18503
List the prime factors of 81281353.
331, 245563
List the prime factors of 68076537.
3, 22692179
List the prime factors of 251897835.
3, 5, 7, 2399027
List the prime factors of 112404250.
2, 5, 7, 64231
What are the prime factors of 13077613?
37, 571, 619
What are the prime factors of 56232558?
2, 3, 101, 30931
List the prime factors of 628128883.
8713, 72091
What are the prime factors of 819279035?
5, 53, 1123, 2753
List the prime factors of 124807110.
2, 3, 5, 4160237
List the prime factors of 130181456.
2, 8136341
What are the prime factors of 2956199716?
2, 739049929
What are the prime factors of 103793490?
2, 3, 5, 1153261
What are the prime factors of 217886452?
2, 7, 19, 23, 17807
List the prime factors of 610617458.
2, 11, 17, 43, 883
List the prime factors of 1200543261.
3, 400181087
List the prime factors of 59952902.
2, 29976451
What are the prime factors of 15961370?
2, 5, 139, 11483
What are the prime factors of 461053331?
23, 67, 299191
What are the prime factors of 85569914?
2, 43, 349, 2851
What are the prime factors of 8207859448?
2, 1025982431
What are the prime factors of 17982775?
5, 193, 3727
List the prime factors of 4342701194.
2, 13, 167026969
What are the prime factors of 2117709?
3, 11, 21391
List the prime factors of 2402144772.
2, 3, 200178731
List the prime factors of 6325422861.
3, 5051, 417437
What are the prime factors of 549581039?
7, 3109, 25253
List the prime factors of 6492453363.
3, 11, 23, 67, 42557
List the prime factors of 39989483.
83, 481801
List the prime factors of 16634982.
2, 3, 7, 13, 30467
List the prime factors of 293737459.
59, 487, 10223
List the prime factors of 2136979.
13, 89, 1847
List the prime factors of 129490180.
2, 5, 6474509
What are the prime factors of 719353870?
2, 5, 19, 199267
What are the prime factors of 87005793?
3, 7, 659, 6287
List the prime factors of 1669933901.
1669933901
List the prime factors of 26119720.
2, 5, 11, 23, 29, 89
List the prime factors of 1641607468.
2, 67, 2141, 2861
What are the prime factors of 142050368?
2, 17, 137, 953
What are the prime factors of 60199115?
5, 12039823
List the prime factors of 109281231.
3, 31, 89, 163
What are the prime factors of 6209856654?
2, 3, 281, 3683189
List the prime factors of 133010486.
2, 7, 37, 461, 557
List the prime factors of 1457286790.
2, 5, 1949, 74771
List the prime factors of 600813425.
5, 359, 66943
List the prime factors of 73340302.
2, 7, 71, 73783
What are the prime factors of 232385?
5, 46477
List the prime factors of 159533236.
2, 17, 233, 10069
What are the prime factors of 3623546118?
2, 3, 13841, 43633
List the prime factors of 14735852.
2, 97, 163, 233
What are the prime factors of 392981988?
2, 3, 7, 43, 108799
What are the prime factors of 218785177?
13, 23, 199, 3677
List the prime factors of 1885491163.
19, 83, 919, 1301
What are the prime factors of 1151392288?
2, 89, 109, 3709
List the prime factors of 151364068.
2, 37841017
What are the prime factors of 264692211?
3, 7, 19, 23, 28843
What are the prime factors of 18100305?
3, 5, 241, 1669
What are the prime factors of 801869662?
2, 11, 29, 114259
What are the prime factors of 1671036986?
2, 23, 36326891
List the prime factors of 82175739.
3, 17, 1611289
What are the prime factors of 2936700938?
2, 17, 5861, 14737
What are the prime factors of 539487919?
19, 79, 359419
What are the prime factors of 1244861328?
2, 3, 25934611
List the prime factors of 84801455.
5, 109, 155599
List the prime factors of 96796283.
17, 5693899
What are the prime factors of 24382180?
2, 5, 1219109
What are the prime factors of 796461312?
2, 3, 1037059
List the prime factors of 592022806.
2, 23, 271, 47491
What are the prime factors of 449781416?
2, 7, 29, 419, 661
What are the prime factors of 3045310247?
7, 97, 4484993
List the prime factors of 4538641784.
2, 12433, 45631
List the prime factors of 135367819.
71, 1906589
What are the prime factors of 1864235153?
11, 169475923
List the prime factors of 149776277.
7, 21396611
List the prime factors of 21708921.
3, 13, 556639
What are the prime factors of 1556376733?
1556376733
List the prime factors of 87510092.
2, 21877523
What are the prime factors of 166901994?
2, 3, 7, 1324619
What are the prime factors of 27970323?
3, 23, 41, 9887
What are the prime factors of 107629881?
3, 2113, 16979
What are the prime factors of 1234630731?
3, 23, 2251, 7949
What are the prime factors of 632632657?
503, 1257719
What are the prime factors of 42149141?
127, 331883
List the prime factors of 393705494.
2, 7, 13, 309031
What are the prime factors of 40190735?
5, 13, 47563
What are the prime factors of 3693991357?
7, 59, 113, 79153
List the prime factors of 123174088.
2, 15396761
What are the prime factors of 72181306?
2, 36090653
What are the prime factors of 79018928?
2, 4938683
List the prime factors of 1928805319.
7, 275543617
List the prime factors of 2812646023.
11, 14173, 18041
What are the prime factors of 35024400?
2, 3, 5, 23, 47
List the prime factors of 260663387.
15973, 16319
What are the prime factors of 2522207140?
2, 5, 23, 29, 43, 4397
What are the prime factors of 1207692573?
3, 19, 239, 88651
What are the prime factors of 226166201?
226166201
List the prime factors of 242786388.
2, 3, 13, 1556323
What are the prime factors of 7916923?
7, 73, 15493
List the prime factors of 4966689240.
2, 3, 5, 13796359
What are the prime factors of 746730243?
3, 7, 281, 42181
List the prime factors of 2049662226.
2, 3, 341610371
List the prime factors of 1045065147.
3, 7, 173, 307, 937
List the prime factors of 630231621.
3, 210077207
What are the prime factors of 656826318?
2, 3, 23, 1586537
What are the prime factors of 9126550115?
5, 163, 11198221
What are the prime factors of 141867911?
389, 364699
List the prime factors of 46937922.
2, 3, 59, 67, 1979
What are the prime factors of 145914800?
2, 5, 283, 1289
What are the prime factors of 52608171?
3, 7, 11, 53, 4297
What are the prime factors of 44673551?
13, 313, 10979
What are the prime factors of 109242544?
2, 17, 401627
List the prime factors of 116794029.
3, 11, 17, 208189
List the prime factors of 55168941.
3, 137, 269, 499
What are the prime factors of 228001697?
7